isor of 13021 and 3973.
29
What is the highest common divisor of 3899916 and 3429?
1143
What is the highest common factor of 454 and 2023251?
227
What is the greatest common divisor of 425 and 6725?
25
Calculate the highest common factor of 1735605 and 15.
15
Calculate the highest common factor of 1122 and 646833.
561
Calculate the greatest common factor of 159004 and 4064.
508
Calculate the highest common divisor of 347487 and 1029.
21
Calculate the highest common factor of 2940 and 27244.
196
What is the greatest common factor of 27810 and 18090?
270
Calculate the greatest common divisor of 98336 and 144.
16
What is the greatest common factor of 25474 and 77506?
542
What is the highest common factor of 3973 and 493?
29
What is the greatest common factor of 15 and 100455?
15
Calculate the highest common factor of 58619 and 55.
11
Calculate the highest common divisor of 2349 and 133545.
87
Calculate the greatest common divisor of 53 and 4136.
1
What is the greatest common divisor of 68 and 429182?
34
What is the highest common divisor of 7791 and 25440?
159
What is the highest common factor of 285705 and 7?
7
Calculate the highest common factor of 2517984 and 672.
672
What is the highest common divisor of 950 and 23350?
50
What is the highest common factor of 883 and 17?
1
Calculate the highest common factor of 672 and 403032.
168
What is the highest common divisor of 65 and 4197973?
13
Calculate the greatest common factor of 80967 and 788.
197
Calculate the highest common factor of 235 and 45355.
235
What is the greatest common divisor of 8715 and 735?
105
Calculate the highest common divisor of 198310 and 119.
7
What is the greatest common divisor of 102 and 99042?
102
What is the highest common factor of 1080104 and 410?
82
What is the highest common divisor of 157797 and 24831?
801
Calculate the greatest common divisor of 93 and 7425802.
31
Calculate the highest common factor of 5764 and 483128.
524
Calculate the greatest common divisor of 10 and 256215.
5
Calculate the greatest common divisor of 26120 and 3480.
40
What is the highest common factor of 650720 and 1792?
224
Calculate the greatest common factor of 347047 and 2923.
79
What is the highest common factor of 6 and 93558?
6
What is the highest common divisor of 23560 and 610280?
760
Calculate the greatest common divisor of 849 and 156782.
283
Calculate the greatest common divisor of 1240 and 132.
4
What is the highest common divisor of 608 and 36512?
32
What is the highest common factor of 706 and 727886?
706
What is the greatest common divisor of 6468 and 343?
49
Calculate the greatest common divisor of 711 and 18.
9
What is the highest common factor of 7792 and 624?
16
Calculate the greatest common divisor of 72 and 187866.
18
What is the greatest common divisor of 5 and 99895?
5
Calculate the greatest common factor of 469 and 3369765.
469
What is the greatest common divisor of 133221 and 1089?
363
What is the highest common factor of 48 and 41104?
16
Calculate the greatest common divisor of 2520 and 19800.
360
What is the greatest common divisor of 18928 and 299468?
676
What is the highest common factor of 108327 and 15?
3
What is the greatest common factor of 990 and 2770?
10
Calculate the greatest common divisor of 256 and 129024.
256
Calculate the greatest common factor of 7410 and 610740.
390
Calculate the highest common divisor of 16093 and 501809.
1463
What is the greatest common divisor of 710350 and 20?
10
Calculate the highest common divisor of 18568 and 108032.
1688
Calculate the greatest common factor of 571582 and 154.
22
Calculate the highest common divisor of 12916 and 28.
4
Calculate the highest common divisor of 615 and 4665.
15
Calculate the greatest common factor of 620510 and 330.
110
Calculate the highest common divisor of 2255 and 2035.
55
What is the greatest common divisor of 100 and 2140020?
20
What is the highest common factor of 293417 and 19?
19
What is the greatest common factor of 104 and 864383?
13
Calculate the highest common factor of 245 and 7225.
5
What is the greatest common divisor of 228 and 2429055?
57
Calculate the greatest common factor of 52 and 1356472.
52
Calculate the highest common factor of 990 and 1299105.
45
What is the greatest common divisor of 88171 and 11174?
37
What is the greatest common factor of 3455 and 45?
5
Calculate the highest common factor of 43510 and 11210.
190
Calculate the highest common factor of 135 and 423195.
15
What is the greatest common factor of 215322 and 4692?
102
What is the greatest common factor of 476 and 193970?
238
What is the highest common factor of 55 and 11?
11
What is the highest common factor of 62 and 52483?
31
What is the highest common factor of 68 and 271847?
17
What is the greatest common divisor of 127936 and 256?
64
What is the greatest common divisor of 736 and 43608?
184
Calculate the highest common factor of 19 and 858895.
19
What is the highest common factor of 145435 and 59?
59
What is the highest common divisor of 629517 and 558?
93
What is the greatest common factor of 72 and 993876?
12
What is the highest common factor of 85 and 1867875?
85
Calculate the highest common factor of 786160 and 6974.
634
Calculate the highest common divisor of 144918 and 388.
194
Calculate the highest common divisor of 46440 and 1917.
27
What is the greatest common factor of 913 and 13529?
83
What is the greatest common factor of 2059 and 232?
29
What is the greatest common factor of 9848 and 24?
8
Calculate the highest common factor of 29061 and 27.
9
What is the greatest common divisor of 5 and 5889445?
5
Calculate the highest common divisor of 17138 and 6560.
82
Calculate the highest common divisor of 1033932 and 12.
12
Calculate the greatest common factor of 20505 and 165.
15
What is the greatest common divisor of 54 and 716904?
54
Calculate the greatest common divisor of 14 and 1593130.
14
What is the greatest common factor of 1684804 and 236?
236
Calculate the highest common factor of 75024 and 738.
18
Calculate the highest common factor of 8095995 and 102.
51
What is the highest common divisor of 42693 and 57?
57
What is the highest common factor of 190 and 59275?
5
Calculate the highest common factor of 6075 and 4825.
25
Calculate the greatest common divisor of 1393 and 35.
7
What is the highest common factor of 272 and 6880?
16
Calculate the highest common divisor of 147960 and 13015.
685
What is the highest common factor of 2236 and 9932?
52
Calculate the highest common divisor of 30728 and 552.
184
What is the highest common divisor of 55 and 135685?
55
Calculate the greatest common divisor of 938 and 670.
134
Calculate the greatest common factor of 488 and 242.
2
Calculate the highest common divisor of 229460 and 112.
28
What is the highest common divisor of 16 and 308808?
8
What is the highest common factor of 450 and 22005?
45
Calculate the highest common factor of 2446214 and 1432.
358
Calculate the highest common divisor of 72016 and 896.
112
Calculate the highest common factor of 19716 and 7897.
53
What is the highest common factor of 5984 and 67524?
68
Calculate the greatest common divisor of 5814 and 21024.
18
What is the highest common divisor of 32 and 2841248?
32
What is the highest common divisor of 2495346 and 3591?
399
What is the greatest common divisor of 494 and 5525?
13
Calculate the highest common divisor of 644 and 386.
2
What is the highest common divisor of 278271 and 392?
49
What is the highest common divisor of 18 and 203319?
9
What is the highest common factor of 391 and 392955?
391
Calculate the highest common factor of 8203 and 5317.
13
What is the greatest common factor of 224 and 189?
7
Calculate the greatest common factor of 228888 and 3960.
792
Calculate the greatest common divisor of 638 and 45782.
22
What is the greatest common divisor of 22791 and 2247?
321
What is the highest common factor of 748898 and 282?
94
Calculate the highest common divisor of 1372 and 217119.
343
Calculate the greatest common factor of 11137 and 2709.
301
What is the highest common divisor of 76 and 4546130?
38
Calculate the greatest common divisor of 1 and 30869.
1
What is the highest common divisor of 184 and 406916?
92
Calculate the greatest common factor of 40810 and 138